47. What is the greatest common divisor of 417 and o?
3
Suppose -v = 5*s - 1637, 6*v - 11*v + 4577 = 14*s. Let d be 82/((1 - 2) + 2). Calculate the highest common divisor of s and d.
82
Let d be (5 - (-319)/(-55))*-100. Suppose 32 + 88 = 4*b. What is the highest common factor of b and d?
10
Let y be (-32*(-42)/(-60))/(15/(-975)). What is the greatest common divisor of 144 and y?
16
Let l be (256/(-12))/((-2)/6). Suppose -3*s + 17 + 13 = 0. Let k = 6 + s. Calculate the greatest common divisor of l and k.
16
Suppose -3*j + 58*j - 1760 = 0. What is the highest common divisor of j and 28?
4
Let s be 10/(3 - 1)*6/(-5). Let t(l) be the first derivative of 2*l**3/3 + l**2/2 - 10*l - 2. Let n be t(s). Calculate the greatest common factor of 7 and n.
7
Let g = -4376 - -4381. Let w(m) = 21*m + 31. Let n(k) = 4*k + 6. Let s(y) = -11*n(y) + 2*w(y). Let a be s(-3). What is the greatest common factor of g and a?
1
Let x(u) = u**2 + 9*u - 56. Let m be x(-14). Suppose 27*h - 20*h - m = 0. Let j = -15 - -25. Calculate the greatest common factor of h and j.
2
Let p be ((-168)/16)/(-1) - 2/4. Suppose -4 = -4*o, o + 9 = 2*w - p. Calculate the greatest common factor of 170 and w.
10
Let o be (18/(-4) - -5)*0. Suppose 38*y - 39*y + 70 = o. Let n be (-4)/8 - 29/(-2). Calculate the greatest common divisor of n and y.
14
Suppose -18*i + 25382 = -5866. Let y = i - 787. Calculate the greatest common factor of 13 and y.
13
Let u be ((-1 - -1) + -84)/((-16)/88). What is the greatest common factor of 7 and u?
7
Let o = -1038 + 3222. What is the greatest common divisor of o and 819?
273
Let p(w) = 13*w**3 - 21*w**2 + 61*w - 39. Let n be p(6). Calculate the highest common factor of n and 39.
39
Suppose 0 = -4*u + p + 1281, -4*p + 1199 = 4*u - 77. Let w = u + -286. What is the greatest common factor of 136 and w?
34
Suppose 54 = 4*p - 6. Let q = p + -7. Let v(k) = -44*k - 72. Let f be v(-2). Calculate the greatest common divisor of q and f.
8
Suppose 2*c - 3*m = 626, 3*c + 0*m + 5*m - 920 = 0. Suppose c*r = 312*r - 42. Calculate the highest common divisor of r and 3.
3
Suppose 2*v - 3964 = -h, -5*h + 162*v - 160*v = -19892. What is the greatest common divisor of h and 71?
71
Let z(j) = -j**3 + 4*j**2 - 5*j + 1. Let v be z(5). Let k = 18 + v. Let m = k - -49. Calculate the greatest common factor of m and 18.
18
Let i(t) = 88*t**2 - 41*t - 41. Let v be i(-1). What is the highest common divisor of 200 and v?
8
Let o(j) = j**2 + 4*j - 2. Let d be o(-5). Let x be (-27)/4 - d/12. Let n be 2*x/(7/(-165)). Calculate the greatest common factor of 30 and n.
30
Suppose -4*v + 3588 = -4*u, -2*v + 4*u + 886 + 908 = 0. Calculate the greatest common divisor of v and 195.
39
Let r be (13/24 - 23/(-184))*(128 - -1). Calculate the greatest common factor of r and 1075.
43
Suppose 0 = c + 1 + 3, -7*s - c = -3356. What is the highest common factor of s and 660?
60
Let o = -179 - -198. Calculate the greatest common divisor of o and 4883.
19
Suppose -5*s + 667 = -5*x - 3398, 4*x = -s + 828. Calculate the greatest common divisor of s and 918.
102
Let c(f) = f**3 + 10*f**2 - 47*f - 226. Let t be c(-12). What is the greatest common factor of t and 25?
25
Let n(g) = 2*g + 50. Let j = 100 - 121. Let b be n(j). What is the highest common divisor of 128 and b?
8
Let t(v) = -136*v - 10889. Let f be t(-83). Calculate the highest common divisor of 1491 and f.
21
Let t be 10*(132/30 - 4). Suppose -t*n = -19 - 89. What is the highest common factor of n and 3?
3
Let y be (-69)/(-6) + 4/8. Let m(a) = -a**2 - 6*a - 2. Let p be m(-6). Let f be -6 + (p - -8) - -6. Calculate the greatest common factor of f and y.
6
Let q(p) be the second derivative of -7*p**3/2 + 21*p**2/2 + 4*p + 14. Let o be q(0). Let k be 3/((-1)/14*-2). What is the greatest common factor of k and o?
21
Let s(h) = 2*h**2 - 27*h + 17. Let x be s(13). What is the greatest common divisor of 758 and x?
2
Suppose 1736 = 2*f + 7*f - 3556. What is the greatest common factor of f and 96?
12
Let g = -845 - -949. Suppose -536 + g = -9*j. Suppose -v + 12 = -48. Calculate the highest common factor of v and j.
12
Let c be ((42/4)/3)/(-1)*-2. Let a(v) = -c*v - v - 14 + 0*v + v. Let w be a(-12). Calculate the highest common factor of 14 and w.
14
Let b(v) = 10*v**2 - 19*v - 196. Let i be b(-6). What is the greatest common factor of i and 17792?
278
Let s(v) = -v**2 + 4*v. Let c be s(1). Suppose 4*x + 15 + 41 = t, 2*x = c*t - 128. Suppose -4*u + 38 = -202. What is the greatest common factor of t and u?
20
Suppose 2*o = 5*i - 3882, 4*i - 153*o + 154*o - 3090 = 0. Calculate the highest common divisor of i and 1505.
43
Suppose -13*u + 546 + 78 = 0. Suppose -2*z + 146 - 122 = 0. Calculate the greatest common factor of u and z.
12
Let k(j) = -j**3 + 40*j**2 + 3*j - 108. Let p be k(40). Suppose 0 = 4*n + l - 5*l - 96, 0 = -3*n - 3*l + 54. Calculate the greatest common factor of n and p.
3
Suppose -9 = -2*k - 3*n, 2*k - 2*n - 1 = 3. Suppose 3*b + 129 = 3*a, 237 = k*a + 5*b + 68. What is the greatest common divisor of a and 9?
3
Let b(s) = s**3 + 44*s**2 - 322*s - 68. Let d be b(-50). What is the highest common factor of 48 and d?
24
Let l(s) = -32*s + 47. Let u be l(-10). Suppose -261 = -v - 4*c, -4*v - u + 1331 = -4*c. What is the greatest common divisor of v and 49?
49
Suppose -p = -10 - 0. Suppose p*b - 753 - 417 = 0. What is the greatest common divisor of b and 13?
13
Let p(g) = -245*g + 992. Let b be p(4). Calculate the greatest common factor of 582 and b.
6
Suppose -5*g - 30 - 50 = -5*b, -3*b = 2*g - 78. What is the greatest common factor of 70114 and b?
22
Let a be 12/36 + 3555/27. What is the greatest common divisor of 348 and a?
12
Let o be -2*(-15 + (-2)/(-1)). Let n be -4*15/(-12)*(1 - (-1665)/25). What is the greatest common divisor of n and o?
26
Let i(h) = 2*h**2 + 42*h - 50. Let j be i(16). Suppose -112*x = -85*x - j. Calculate the greatest common factor of x and 224.
14
Let y(p) = p**2 - 6*p + 1. Let q be y(6). Let o be (-4)/(3/(-60*q)). Suppose -42 = -34*z + 48*z - 182. Calculate the greatest common divisor of z and o.
10
Suppose -4 + 14 = 2*z. Suppose -z*a + 118 + 222 = 0. Let d be a + 16/(-4) - -1. What is the greatest common factor of d and 13?
13
Suppose j = -16 + 25. Suppose 4*o + 110 = j*o. Calculate the greatest common factor of o and 110.
22
Suppose 2*s - 88 = -0*s - 4*t, 203 = 4*s - t. Let v = 145 + s. Calculate the greatest common factor of 26 and v.
13
Let a(n) be the third derivative of -7*n**4/24 - 4*n**3 - n**2 + 78*n. Let y be a(-4). What is the greatest common factor of 11 and y?
1
Suppose -5*n + 4963 + 9481 = -4*g, 2*n = 3*g + 5772. What is the greatest common divisor of 24 and n?
12
Let m = -55 - -59. Suppose -r - 98 = 5*b, -2*r - 129 = -m*b + 53. Let a = -76 - r. Calculate the highest common factor of 340 and a.
17
Let p be (755/10 + 4)/((-1)/(-2)). Suppose 8*a - 7*a - c - p = 0, 2*a = 4*c + 316. What is the highest common divisor of a and 5?
5
Let b be 4 + -3*1/3. Suppose b*z - 60 = -4*f - 14, 42 = z - 4*f. Let p = 50 - z. Calculate the highest common divisor of 4 and p.
4
Let o be 2/(2/(-7) + (-5)/105). Let q be 1*(83 - 0/(o/3)). Let s be 26/(-39) - q/(-3). Calculate the greatest common divisor of 189 and s.
27
Suppose -85 = -4*y - 13. Suppose y*j - 23*j = -195. Calculate the greatest common factor of j and 143.
13
Let l(n) = n**3 + 8*n**2 - 8*n - 6. Let s be l(-9). Suppose 10*k - 14 = 12*k. Let b = k - s. What is the highest common divisor of 88 and b?
8
Let w be (392/28)/((-4)/(-42)). Suppose 3*t = -6, 247 = 3*q + 3*t + 1. Calculate the highest common divisor of q and w.
21
Let g(s) = -11*s - 162. Let c be g(-17). Let n be (-4028)/(-10) - (-5)/c. Calculate the highest common divisor of 31 and n.
31
Let f(k) = -k**3 + 19*k**2 + 9*k - 153. Let s be f(19). Calculate the highest common factor of 5175 and s.
9
Suppose 0 = -5*z + 14*q - 10*q + 104, 5*q + 25 = z. Suppose 4*p + 12 = 0, -4*p = 15*x - z*x + 932. Calculate the highest common divisor of 46 and x.
46
Let i = -3616 - -4258. Calculate the greatest common divisor of i and 18.
6
Let z = -94 - -99. Suppose -3*n + 7 = 2*c, c + 5*n - 1 = -c. Let f = 28 - c. What is the highest common factor of f and z?
5
Let f be (1/(-3) - -1)*54. Suppose 2*z - 2 = 0, 293 = 4*i - 6*z + 7*z. Sup